3) + -4. Let j = r + 33. Suppose 204 = 2*a + 2*d, 4*d + j = 4*a - 181. What is the tens digit of a?
9
Let z(p) = p + 758. What is the tens digit of z(-8)?
5
Let f be (105/14 - 6) + 8007/6. What is the tens digit of f - (13 + -4 + -4)?
3
Let b(f) = 712*f**2 + 11*f + 11. Let t be b(-1). Let d = -231 + t. What is the units digit of d?
1
Let k(a) = -a**2 - 8*a - 4. Let u be k(-7). Suppose 0 = -m + 66 - 62. Suppose -c = -3*v + 39, -m*c = u*v - 0*c - 54. What is the units digit of v?
4
Let k be ((-1836)/20)/((-7)/35). Suppose k + 3033 = 12*g. What is the tens digit of g?
9
What is the thousands digit of 39/(-26)*14 + 22170?
2
Let z(d) = -d**2 - d - 31. Let c be z(0). Let n = c - -35. Suppose n = -3*k - k, 0 = 3*i + k - 176. What is the units digit of i?
9
Let i(b) = -300*b**2 - 3 + b**3 + 4*b + 299*b**2 + 3. What is the units digit of i(5)?
0
Let k(w) = 1463*w + 2838. What is the ten thousands digit of k(9)?
1
Let h = 5510 + 19873. What is the tens digit of h?
8
Let w = 8283 + 1269. What is the hundreds digit of w?
5
Suppose 48*c - 537536 - 88048 = 0. What is the tens digit of c?
3
Let c = -245 - -249. Suppose 0 = -3*w + c*p + 716, -2*p + 246 - 952 = -3*w. What is the units digit of w?
2
Let p(r) = 111*r**2 - 1095*r + 29. What is the tens digit of p(27)?
8
Let q be (-895*(-12)/40)/((-2)/(-4)). Let k = q + -180. What is the tens digit of k?
5
Let n(i) = 150*i**2 + 187*i + 3492. What is the units digit of n(-16)?
0
Let x = 14978 - 10807. What is the hundreds digit of x?
1
Let o = -18026 - -34659. What is the ten thousands digit of o?
1
Let c(i) = i**3 + i**2 + 5*i + 6. Let n(a) = a + 14. Let z be n(-9). What is the hundreds digit of c(z)?
1
Let h = -7 + 11. Let d(q) = -2*q**2 + 60 + q**3 - 15 + 3*q**2 + 2*q**2 - 31 - 9*q. What is the tens digit of d(h)?
9
Suppose s - 28 + 27 = 0. Suppose -2*o - 5*b = -s, 5*o + 0*b + b = 14. Suppose -o*j + 2*j + 540 = 3*k, 4*k + 5*j = 720. What is the hundreds digit of k?
1
Let u = 13 + -4. Suppose 11*b - u*b = 82. Suppose -47*n + 1116 = -b*n. What is the tens digit of n?
8
Let r be 0/(-2) + -2 - -5. Suppose 5*y - 7*y = -s - 933, y - r*s = 454. What is the tens digit of y?
6
Let j be (-82508)/(-36) + 2/18. Let w = -815 + j. What is the tens digit of w?
7
Suppose -3*i + 4796 = 2*i + u, 2*i + 3*u - 1908 = 0. Suppose 24 = 4*b + g - 22, -4*b + 5*g + 82 = 0. Suppose -b*w + 535 + i = 0. What is the units digit of w?
5
Suppose -2*l + 17 = 11. Suppose 3*h = -i + 1, -i - l - 2 = -3*h. Let v(a) = 189*a - 7. What is the tens digit of v(h)?
8
Suppose 3*l = -2*v + 67930, 57*v = 54*v + 15. What is the tens digit of l?
4
Let y = 2390 - -32231. What is the hundreds digit of y?
6
Let n(p) = -94*p - 2029. What is the hundreds digit of n(-63)?
8
Suppose 142*m - 1829881 - 1174981 = 0. What is the thousands digit of m?
1
Let j(i) be the third derivative of -i**6/120 - i**5/4 - 37*i**4/24 - 51*i**2. What is the tens digit of j(-14)?
2
Let v = -123 + 490. Let o = v - 250. What is the hundreds digit of o?
1
Suppose 4*d - 44145 = -2*h + 3*d, -8*d - 66284 = -3*h. What is the thousands digit of h?
2
Let z be (64 + -65)/(-1*(-1)/(-5)). Suppose -y + 463 = k, 3*y - 1387 = 4*k - z*k. What is the hundreds digit of y?
4
Suppose 5*v - 95 = 5*u, -4*u = -5*v + 17 + 77. Suppose -6*m + v*m - 3396 = 0. What is the units digit of m?
3
Let x = -83 - -60. Let w = 101 + x. Let a = 87 - w. What is the units digit of a?
9
Let g(u) = 21*u**3 - 15*u**2 + 12*u + 6. Let y be g(5). Let o = -1187 + y. What is the units digit of o?
9
Let r(y) = 14*y - 107. Let a be r(8). Suppose a*i - p - 570 = 0, -5*i - p = 153 - 733. What is the tens digit of i?
1
Let z(h) = -h + 11. Let i be z(5). Let n be 1*i - (4 - (3 + 0)). Suppose 4*p - 56 = n*b + 7, -4*p + 103 = 3*b. What is the tens digit of p?
2
Let d be 8/(-2) + (-40)/(-1). Let g = d + -27. What is the units digit of (90/(-4))/(g/(-18))?
5
Suppose -w = -3*c - 5822, 2*w + 35*c - 11594 = 31*c. What is the thousands digit of w?
5
Suppose 5*c - 14 = -i, 0 = -i - 0 - 1. Let y(k) = -3 - 6 - c*k + 4*k**2 + 7*k. What is the units digit of y(4)?
1
Let u = -8 + 13. Suppose 5*f - l - u = 0, -f + 3*f = 4*l + 2. What is the tens digit of f/(5*(-2)/(-760))?
7
Suppose 65*v - 71*v + 142609 + 42431 = 0. What is the hundreds digit of v?
8
Let s(j) = -j**2 + 26*j + 37. Let w be s(30). Let i = 855 - w. What is the units digit of i?
8
Suppose 5 - 12 = -7*w. What is the units digit of 2/6 - (w + 1112/(-12))?
2
Suppose -11*l + 101 = 46. Suppose -3*g + 3121 = -4*z, -l*z = 8*g - 3*g - 5190. What is the tens digit of g?
3
What is the tens digit of (62*410/(-60))/((-5)/540)?
5
Let i be 1027/(-4) + (-2)/8. Let d = -6416 - -6892. Let n = d + i. What is the hundreds digit of n?
2
Suppose 4*s - 3328 = -5*o, -6*s + 3352 = -2*s - o. Suppose -22*u = -s - 8249. What is the tens digit of u?
1
Suppose 3*q - 24067 = 33*o - 29*o, -4*q = 3*o - 32131. What is the tens digit of q?
2
Let t(r) = r**3 - 7*r**2 - 6*r - 21. Let k be t(9). Suppose -q = -5*w - 4*q - k, 5*w = 2*q - 67. What is the tens digit of (-4)/(-10) - 2124/w?
4
Suppose -14 = -2*t - 2*t - 2*q, 4*q + 26 = t. Let l = -551 - -601. Suppose -l = t*o - 7*o. What is the tens digit of o?
5
Suppose 0 = 4*k + 4*s + 12 + 16, -4*s = -3*k - 21. Let w be (-24)/(3 + k + 5). Let c(p) = p**2 + 13*p - 9. What is the hundreds digit of c(w)?
2
Let m(x) = -1346*x**3 + 3*x**2 - 13*x - 1. What is the tens digit of m(-3)?
0
Let l(q) = 75*q**2 - 20*q + 1750. What is the ten thousands digit of l(26)?
5
Let i = -183 - -255. Suppose -62*q + i*q - 3650 = 0. What is the units digit of q?
5
What is the thousands digit of 13/(-78) + (-170898)/(-36)?
4
Suppose 738 = 2*o + 4*q, 1465 = 4*o - 0*o - 3*q. Suppose 8*l = 15*l - 35. Suppose 5*p + o = 4*x, 185 = 2*x + 4*p - l*p. What is the tens digit of x?
9
Suppose -2*c - 3323 = -10755. Suppose j - c = -4*w + 5*j, -5*w + 3*j + 4645 = 0. What is the hundreds digit of w?
9
Let b = 263 - 376. Let h = b - -115. What is the tens digit of -2*h/10 + (-5817)/(-105)?
5
Let l(p) = 48*p + 36. Let m(a) = -a**3 - 9*a**2 - 2*a - 15. Let h be m(-9). What is the tens digit of l(h)?
8
Let b(a) = -a**3 + 4*a**2 + 14*a - 8. Let s be b(6). Suppose -164 = s*m - 2*m. Let o = m - -142. What is the tens digit of o?
6
Let o = -789 - -517. Let t be 3 + -2 + (1 - -426). Let z = o + t. What is the tens digit of z?
5
Let f = 151 - -231. Let b = f - 237. What is the hundreds digit of b?
1
Let x = -1855 - -2614. Let n = x - 542. What is the hundreds digit of n?
2
Let f be 200/(-120) + 1/3*17. Suppose 176 = f*a + 4*c, -a + 5*a - 2*c - 158 = 0. What is the tens digit of a?
4
Let c = -44 + 48. Suppose c*b = -309 - 195. What is the tens digit of (1*2)/(((-133)/b)/19)?
3
Let u be (-1)/3*17/(102/(-70110)). Suppose 5*a + 0*q = 3*q + 3890, -5*a + u = -4*q. What is the tens digit of a?
7
Let f(s) = -s**2 + 2*s - 12. Let k be f(0). Let u be k/(-42) + ((-282)/(-14))/3. Suppose -3*w + u*w = 368. What is the tens digit of w?
9
What is the units digit of ((-266)/(-14) - 2)*49?
3
Let r be (5/(15/48))/2. Suppose 3*w - r*w = -30. Suppose -2*c + 74 = 3*t, 2*t + 5*c + w = 48. What is the units digit of t?
6
Suppose 0 = 6*s - 11*s. Let x(v) = -v**2 + 3*v + 352. What is the tens digit of x(s)?
5
Let d(i) = 82*i**2 + 2*i - 2. Let v be d(5). Suppose 0*u + 7*u = v. What is the tens digit of u?
9
What is the tens digit of 75768 + -2 - (-784)/196?
7
Let n(i) be the third derivative of -41*i**4/24 - 4*i**3/3 - 21*i**2. Let z(f) = -2*f**3 + 5*f**2 - 4*f + 2. Let h be z(2). What is the tens digit of n(h)?
7
Suppose 15*h = 13*h + 32. Suppose -h = -x - 0*x. What is the tens digit of x?
1
Let h(m) = m**3 - 12*m**2 - 28*m - 4. Let k be h(7). Let o = k - -940. What is the hundreds digit of o?
4
Suppose -5*a - 2*w + 5890 = 0, -4730 = -8*a + 4*a + 2*w. What is the tens digit of a/3 + 2/3?
9
Let p(x) = 86*x**2 - 59*x + 807. What is the ten thousands digit of p(18)?
2
Suppose -2*r - 3 = -15. Let i be 2 - 14/r - (-31)/3. Let q = i + 128. What is the tens digit of q?
3
Let c = 3 + -1. Suppose -3*s = -c*d + 645, -4*s + 229 = -3*d + 1199. What is the units digit of d?
0
Let r be (-4 + (-7)/(-4))*12/(-9). Let k(q) = -5*q + 2*q + 29*q + 7. What is the units digit of k(r)?
5
Let z be 14 + -19 - (1 + -8). Suppose -z*x = 2*h - 12, -2*h = -7*h + 5*x. Suppose -3*m +